) = 10*k + 300. Calculate l(-12).
180
Let a(l) = -32*l + 93. Give a(3).
-3
Let j(v) = 3*v**2 - 21*v - 191. Give j(-7).
103
Let w(v) = -19*v**2 + 172*v + 7. Give w(9).
16
Let v(u) = 106*u**2 - 828*u + 32. Give v(8).
192
Let j(b) = 51*b - 963. Determine j(19).
6
Let f(o) = 409*o + 3185. Calculate f(-7).
322
Let p(m) = 3*m**2 + 82*m + 93. What is p(-24)?
-147
Let k(m) = m**2 - 37*m - 772. Give k(52).
8
Let a(r) = -22*r + 250. Calculate a(11).
8
Let f(h) = h**3 + 12*h - 7. Calculate f(0).
-7
Let q(h) = -h**2 - 32*h + 2876. What is q(41)?
-117
Let w(u) = -u**3 - 25*u**2 - 109*u + 13. Determine w(-19).
-82
Let r(u) = -u**3 + 9*u**2 + 61*u + 49. Determine r(-4).
13
Let g(b) = -58*b + 615. Determine g(14).
-197
Let l(g) = g**2 + 26*g - 144. Calculate l(-27).
-117
Let l(r) = r**2 - 44*r + 355. Give l(11).
-8
Let o(d) = -d**3 - 14*d**2 + 21*d + 320. Determine o(-13).
-122
Let z(y) = 45*y - 217. Determine z(15).
458
Let z(y) = 3*y**2 - 220*y + 79. What is z(73)?
6
Let q(z) = z**2 - 34*z - 1030. Calculate q(-23).
281
Let h(l) = -l**2 + 27*l - 322. Determine h(22).
-212
Let m(h) = -14*h + 258. Determine m(20).
-22
Let i(f) = -3*f**2 - 39*f - 27. What is i(-13)?
-27
Let h(t) = 3*t**3 + 7*t**2 - 12*t + 2. Determine h(3).
110
Let x(s) = -s**2 - 9*s + 100. What is x(-12)?
64
Let z(u) = u**2 - 66*u - 653. Give z(-9).
22
Let f(x) = -x**3 - 139*x**2 - 670*x - 9. Determine f(-134).
-9
Let v(q) = -58*q + 39. What is v(-1)?
97
Let o(u) = -11*u - 109. What is o(-9)?
-10
Let z(h) = -120*h + 1131. Give z(9).
51
Let t(q) = -4*q**3 - 23*q**2 - 11*q - 115. Determine t(-6).
-13
Let d(b) = 16*b**3 + 92*b**2 - 27*b - 8. Calculate d(-6).
10
Let y(t) = 7*t**2 - 90*t + 259. What is y(8)?
-13
Let g(k) = 8*k**3 + 72*k**2 - 1296*k + 2. Give g(9).
2
Let s(u) = u**3 - 118*u**2 - 757*u + 1640. Determine s(124).
28
Let s(f) = 2477*f + 7436. What is s(-3)?
5
Let x(y) = y**3 - 19*y**2 + 78*y - 135. Determine x(14).
-23
Let c(h) = -281*h + 294. What is c(1)?
13
Let h(u) = 1449*u - 18838. Calculate h(13).
-1
Let s(j) = -2519*j + 10072. Determine s(4).
-4
Let p(t) = 130*t + 2317. Determine p(-18).
-23
Let l(y) = 3*y**2 - 165*y + 2260. Determine l(26).
-2
Let x(z) = -2128*z + 19144. What is x(9)?
-8
Let x(m) = m**3 + 72*m**2 + 1012*m + 99. Give x(-19).
4
Let d(o) = -6*o**2 + 57*o - 118. Calculate d(3).
-1
Let b(y) = -24*y**2 - 360*y - 20. Give b(-15).
-20
Let t(v) = 26*v + 219. Determine t(-13).
-119
Let f(x) = -2*x**2 + 11*x + 4301. Give f(49).
38
Let i(r) = -21*r + 1448. Determine i(69).
-1
Let x(d) = 13*d**2 - 435*d + 595. What is x(32)?
-13
Let y(b) = 2073*b + 6303. What is y(-3)?
84
Let h(a) = a**3 + 2*a**2 - a + 79. Give h(0).
79
Let l(q) = q**2 - 42*q + 237. What is l(6)?
21
Let n(q) = 3*q**3 + 28*q**2 + 14*q - 43. Give n(-9).
-88
Let c(j) = 10*j**2 + 32*j + 23. What is c(-6)?
191
Let b(g) = -g**3 - 64*g**2 + 660*g + 2. Give b(9).
29
Let a(n) = -2*n**3 + 98*n**2 - 98*n - 73. Determine a(48).
-169
Let t(g) = -12*g + 46. What is t(14)?
-122
Let n(t) = t**3 - 5*t**2 + 8*t + 6. Calculate n(-3).
-90
Let z(i) = -i**2 - 12*i + 41. Give z(-15).
-4
Let v(i) = i**3 + 81*i**2 - 809*i + 94. Give v(-90).
4
Let d(t) = -591*t - 1768. Determine d(-3).
5
Let b(g) = -g**2 - 80*g - 367. Give b(-75).
8
Let i(k) = 4*k**2 - 100*k - 27. Calculate i(25).
-27
Let u(s) = -25*s - 742. Calculate u(-30).
8
Let p(z) = -33*z - 276. Give p(-6).
-78
Let y(t) = t**2 - 19*t - 453. What is y(31)?
-81
Let t(u) = -855*u - 5125. Determine t(-6).
5
Let y(t) = -t**3 + 15*t**2 + 28*t + 59. Give y(16).
251
Let m(l) = l**3 - 92*l**2 - 98*l + 25023. What is m(90)?
3
Let s(m) = -m**3 + 9*m**2 - 6*m - 50. Determine s(9).
-104
Let j(d) = 86*d + 1793. What is j(-21)?
-13
Let v(j) = 48*j**2 - 286*j + 2. Calculate v(6).
14
Let c(m) = -m**3 + 9*m**2 + 14*m + 107. Give c(11).
19
Let b(c) = -c**3 - 9*c**2 - 436*c - 2511. Determine b(-6).
-3
Let m(g) = -g**2 - 71*g - 1221. What is m(-28)?
-17
Let x(v) = -3*v**2 + 14*v + 195. Give x(-8).
-109
Let u(w) = -w**3 - 9*w**2 + 44*w - 3. Determine u(-13).
101
Let f(o) = 7*o**3 - 56*o**2 - 10*o + 89. Determine f(8).
9
Let k(a) = 2*a**2 + 435*a + 3360. Determine k(-8).
8
Let j(i) = 3*i**3 + 30*i**2 + 58*i - 29. Give j(-3).
-14
Let p(x) = -11955*x + 83682. Calculate p(7).
-3
Let x(j) = j**3 + 4*j**2 + 19*j + 127. Calculate x(-6).
-59
Let i(l) = 4*l**2 - 206*l + 2628. Calculate i(30).
48
Let o(u) = -135*u + 84. Calculate o(0).
84
Let s(u) = -28*u**3 + 8*u - 13. Determine s(2).
-221
Let y(w) = -120*w + 1088. Determine y(9).
8
Let s(q) = 2*q**2 - 13*q - 74. What is s(14)?
136
Let w(l) = -15*l + 80. What is w(6)?
-10
Let w(s) = -2*s**2 + 128*s - 885. Give w(56).
11
Let l(x) = 113*x + 6209. Calculate l(-55).
-6
Let x(z) = z**3 + 9*z**2 + 5*z - 55. Determine x(4).
173
Let n(b) = -31*b + 394. What is n(13)?
-9
Let c(o) = -o**2 + 35*o - 190. Determine c(24).
74
Let g(k) = -k**2 + 28*k - 190. Give g(10).
-10
Let m(w) = 51*w - 120. Determine m(5).
135
Let x(h) = -h**3 + 14*h**2 + 89*h + 140. Determine x(19).
26
Let c(g) = g**3 - 11*g**2 - 15*g + 33. Calculate c(11).
-132
Let j(q) = -54*q + 7834. Give j(145).
4
Let a(n) = -5*n**3 - 424*n**2 + 86*n + 70. Determine a(-85).
-15
Let h(u) = u**2 + 8*u - 227. Calculate h(11).
-18
Let m(n) = 3*n**3 - 2*n**2 + 12*n - 10. Give m(1).
3
Let i(w) = w**3 + 7*w**2 + 9*w - 32. What is i(-4)?
-20
Let q(d) = -12*d**3 - 2075*d**2 + 176*d + 524. Give q(-173).
5
Let n(z) = -z**2 + 1568*z - 30954. Give n(20).
6
Let y(r) = -r**3 - 69*r**2 - 55*r + 880. Give y(-68).
-4
Let x(v) = v**3 - 24*v**2 + 44*v - 25. Give x(22).
-25
Let m(d) = d**3 + 13*d**2 - 33*d - 19. Determine m(-15).
26
Let f(i) = -2*i**2 + 17*i + 537. What is f(-13)?
-22
Let t(j) = j**3 + 50*j**2 + 55*j + 549. Determine t(-49).
255
Let o(c) = -53*c + 2400. Give o(45).
15
Let u(o) = o**2 - 52*o + 460. Give u(11).
9
Let y(z) = 5*z**2 + 108*z + 2. What is y(3)?
371
Let p(j) = -12*j**2 + 463*j + 99. Give p(39).
-96
Let p(x) = 9*x**2 - 4*x - 234. Calculate p(-5).
11
Let n(i) = -2*i**3 + 47*i**2 + 71*i + 102. Calculate n(25).
2
Let i(x) = x**3 + 10*x**2 - 8*x + 11. Calculate i(-10).
91
Let u(k) = 1060*k - 5299. Calculate u(5).
1
Let a(p) = -p**3 - 149*p**2 - 263*p + 4550. Give a(-147).
-7
Let l(p) = -p**2 - 685*p - 42509. Determine l(-69).
-5
Let j(n) = -20*n**3 + n**2 - 5*n + 1. Determine j(2).
-165
Let b(l) = 39*l - 432. Determine b(11).
-3
Let g(o) = -5*o**2 - 280*o - 46. Calculate g(-56).
-46
Let p(l) = 2*l**2 - 37*l - 65. Determine p(0).
-65
Let p(l) = l**2 - 194*l + 3787. Calculate p(22).
3
Let r(k) = -k**2 - 161*k - 6403. Determine r(-89).
5
Let s(d) = 31*d + 10. What is s(-5)?
-145
Let a(i) = 16*i**2 + 171*i + 506. Determine a(-3).
137
Let w(a) = 22*a**2 - 18*a - 31. Determine w(-2).
93
Let x(a) = -10*a**3 - 7*a**2 + 3*a + 5. Calculate x(1).
-9
Let y(s) = 9*s**3 - 2*s**2 - 528*s - 529. Give y(-1).
-12
Let o(f) = -8*f**2 + 30*f + 87. Calculate o(6).
-21
Let k(l) = 15*l**3 + 21*l**2 + 11*l + 2. What is k(-4)?
-666
Let f(o) = -o**3 - 12*o**2 + 17*o - 6. Determine f(-11).
-314
Let y(c) = -c**3 + 21*c**2 - 112*c + 55. Calculate y(12).
7
Let h(d) = d**2 + 123*d - 776. Give h(6).
-2
Let p(f) = 4723*f - 28342. Give p(6).
-4
Let d(i) = i**2 + 32*i + 129. What is d(-20)?
-111
Let c(b) = -13*b + 65. Determine c(6).
-13
Let i(o) = -o**3 + 15*o**2 + 25*o - 44. Give i(16).
100
Let u(c) = 6*c**2 + 755*c - 111. Determine u(-126).
15
Let u(x) = 5*x**2 + 90*x - 182. Calculate u(2).
18
Let i(w) = -1080*w + 111242. Calculate i(103).
2
Let x(j) = j**2 - 43*j - 65. Determine x(37).
-287
Let h(m) = m**3 + 10*m**2 - 727*m - 7270. Determine h(-10).
0
Let j(z) = -z**3 + 46*z**2 + 305*z - 7739. What is j(49)?
3
Let w(g) = g**2 - 29*g - 7603. Give w(103).
19
Let l(j) = -7*j**2 - 205*j - 28. Give l(-29).
30
Let o(d) = -d**3 + 11*d**2 - 29*d - 68. Determine o(9).
-167
Let b(n) = -4*n**3 + n + 50. Calculate b(0).
50
Let z(t) = -2*t**2 + 257*t - 6237. Give z(96).
3
Let l(g) = -500*g - 9044. Determine l(-18).
-44
Let o(q) = q**3 - 6*q**2 - 38*q + 109. Calculate o(3).
-32
Let z(d) = -15886*d - 3. What is z(0)?
-3
Let h(l) = 13*l + 827. Give h(-54).
125
Let h(j) = -j**2 - 2*j + 125. What is h(10)?
5
Let z(u) = -85*u - 998. What is z(-13)?
107
Let u(k) = -k**3 + 56*k**2 + 112*k + 238. Give u(58).
6
Let i(j) = 10*j**2 - 37*j + 22. Give i(3).
1
Let p